{"id":8,"date":"2025-01-15T11:38:00","date_gmt":"2025-01-15T10:38:00","guid":{"rendered":"https:\/\/demoforetaget.se\/?page_id=8"},"modified":"2026-04-13T12:18:00","modified_gmt":"2026-04-13T10:18:00","slug":"hem","status":"publish","type":"page","link":"https:\/\/demoforetaget.se\/","title":{"rendered":"Hem"},"content":{"rendered":"\n<section class=\"wp-block-cover alignfull is-light\" style=\"padding-right:1rem;padding-left:1rem;min-height:624px;aspect-ratio:unset;\"><img loading=\"lazy\" decoding=\"async\" width=\"2560\" height=\"1707\" class=\"wp-block-cover__image-background wp-image-221\" alt=\"\" src=\"https:\/\/demoforetaget.se\/wp-content\/uploads\/2025\/02\/pexels-pixabay-265072-scaled.jpg\" data-object-fit=\"cover\" srcset=\"https:\/\/demoforetaget.se\/wp-content\/uploads\/2025\/02\/pexels-pixabay-265072-scaled.jpg 2560w, https:\/\/demoforetaget.se\/wp-content\/uploads\/2025\/02\/pexels-pixabay-265072-300x200.jpg 300w, https:\/\/demoforetaget.se\/wp-content\/uploads\/2025\/02\/pexels-pixabay-265072-1024x683.jpg 1024w, https:\/\/demoforetaget.se\/wp-content\/uploads\/2025\/02\/pexels-pixabay-265072-768x512.jpg 768w, https:\/\/demoforetaget.se\/wp-content\/uploads\/2025\/02\/pexels-pixabay-265072-1536x1024.jpg 1536w, https:\/\/demoforetaget.se\/wp-content\/uploads\/2025\/02\/pexels-pixabay-265072-2048x1365.jpg 2048w\" sizes=\"auto, (max-width: 2560px) 100vw, 2560px\" \/><span aria-hidden=\"true\" class=\"wp-block-cover__background has-ast-global-color-1-background-color has-background-dim-20 has-background-dim\"><\/span><div class=\"wp-block-cover__inner-container is-layout-constrained wp-container-core-cover-is-layout-c0f60fda wp-block-cover-is-layout-constrained\">\n<div class=\"wp-block-group alignwide is-layout-constrained wp-container-core-group-is-layout-383b9bf3 wp-block-group-is-layout-constrained\" style=\"font-size:1.1rem;font-style:normal;font-weight:400;line-height:1.5\">\n<div class=\"wp-block-columns is-layout-flex wp-container-core-columns-is-layout-28f84493 wp-block-columns-is-layout-flex\">\n<div class=\"wp-block-column is-layout-flow wp-block-column-is-layout-flow\">\n<h1 class=\"wp-block-heading has-ast-global-color-5-color has-text-color has-link-color wp-elements-4cee2a882949cace35dcaae8503685f0\" style=\"font-size:5rem\"><strong>DEMO X<\/strong><\/h1>\n<\/div>\n<\/div>\n\n\n\n<p class=\"has-text-align-left has-text-color has-large-font-size\" style=\"color:#ffffff\">Lorem ipsum dolor sit amet, consectetur adipiscing elit, sed do eiusmod tempor incididunt ut labore et dolore magna aliqua<\/p>\n\n\n\n<div class=\"wp-block-buttons has-custom-font-size is-content-justification-left is-layout-flex wp-container-core-buttons-is-layout-9f94d23f wp-block-buttons-is-layout-flex\" style=\"margin-top:2rem;margin-bottom:2rem;font-size:1.1rem;line-height:1.5\">\n<div class=\"wp-block-button is-style-fill\"><a class=\"wp-block-button__link has-ast-global-color-4-color has-ast-global-color-1-background-color has-text-color has-background has-text-align-left has-custom-font-size wp-element-button\" style=\"border-top-left-radius:8px;border-top-right-radius:8px;border-bottom-left-radius:8px;border-bottom-right-radius:8px;padding-top:0.9rem;padding-right:3.5rem;padding-bottom:0.9rem;padding-left:3.5rem;font-size:1.1rem;font-style:normal;font-weight:400;line-height:1.1;text-transform:uppercase\">L\u00e4s mer<\/a><\/div>\n<\/div>\n<\/div>\n<\/div><\/section>\n\n\n\n<div class=\"wp-block-columns cwThreeColBlocks is-layout-flex wp-container-core-columns-is-layout-bda04276 wp-block-columns-is-layout-flex\" style=\"margin-top:0;margin-bottom:0;padding-right:var(--wp--preset--spacing--50);padding-left:var(--wp--preset--spacing--50)\">\n<div class=\"wp-block-column is-layout-flow wp-container-core-column-is-layout-68ef3a39 wp-block-column-is-layout-flow\" style=\"border-top-color:#d9793d;border-top-width:2px;border-right-color:var(--wp--preset--color--ast-global-color-1);border-right-width:2px;border-bottom-color:#d9793d;border-bottom-width:2px;border-left-color:#d9793d;border-left-width:2px;padding-top:var(--wp--preset--spacing--60);padding-right:var(--wp--preset--spacing--40);padding-bottom:var(--wp--preset--spacing--60);padding-left:var(--wp--preset--spacing--40)\">\n<p class=\"has-luminous-vivid-orange-color has-text-color has-link-color wp-elements-dd503a8e7c51ccd3acf78ed29ab3a552\"><strong>01<\/strong><\/p>\n\n\n\n<h2 class=\"wp-block-heading\">Minaaktiviteter.se<br>dans.se &amp; idrott.se<\/h2>\n<\/div>\n\n\n\n<div class=\"wp-block-column is-layout-flow wp-block-column-is-layout-flow\" style=\"border-top-color:#d9793d;border-top-width:2px;border-right-color:var(--wp--preset--color--ast-global-color-1);border-right-width:2px;border-bottom-color:#d9793d;border-bottom-width:2px;border-left-color:#d9793d;border-left-width:2px;padding-top:var(--wp--preset--spacing--60);padding-right:var(--wp--preset--spacing--40);padding-bottom:var(--wp--preset--spacing--60);padding-left:var(--wp--preset--spacing--40)\">\n<p class=\"has-luminous-vivid-orange-color has-text-color has-link-color wp-elements-25d9a1bb94b30ea53e2ed324f584da01\"><strong>02<\/strong><\/p>\n\n\n\n<h2 class=\"wp-block-heading\">Bokningssystem &amp;<br>support<\/h2>\n<\/div>\n\n\n\n<div class=\"wp-block-column has-border-color is-layout-flow wp-block-column-is-layout-flow\" style=\"border-color:#d9793d;border-width:2px;padding-top:var(--wp--preset--spacing--60);padding-right:var(--wp--preset--spacing--40);padding-bottom:var(--wp--preset--spacing--60);padding-left:var(--wp--preset--spacing--40)\">\n<p class=\"has-luminous-vivid-orange-color has-text-color has-link-color wp-elements-aa6898427427c1b62eb3d2c1e0fc8580\"><strong>03<\/strong><\/p>\n\n\n\n<h2 class=\"wp-block-heading\">WordPress &amp;<br>M\u00f6jlighet till andra tekniker<\/h2>\n<\/div>\n<\/div>\n\n\n\n<div class=\"wp-block-columns alignfull is-layout-flex wp-container-core-columns-is-layout-0fb26e0f wp-block-columns-is-layout-flex\" style=\"padding-top:0;padding-right:var(--wp--preset--spacing--50);padding-bottom:0;padding-left:var(--wp--preset--spacing--50)\">\n<div class=\"wp-block-column is-vertically-aligned-center is-layout-constrained wp-container-core-column-is-layout-639b5052 wp-block-column-is-layout-constrained\" style=\"padding-top:0;padding-right:0;padding-bottom:0;padding-left:0\">\n<div class=\"wp-block-cb-carousel cb-single-slide\" data-slick=\"{&quot;slidesToShow&quot;:1,&quot;slidesToScroll&quot;:1,&quot;speed&quot;:300,&quot;arrows&quot;:false,&quot;dots&quot;:false,&quot;autoplay&quot;:true,&quot;autoplaySpeed&quot;:3000,&quot;infinite&quot;:true,&quot;responsive&quot;:[{&quot;breakpoint&quot;:993,&quot;settings&quot;:{&quot;slidesToShow&quot;:1,&quot;slidesToScroll&quot;:1}}]}\">\n\n<div class=\"wp-block-cb-slide\">\n\n<figure class=\"wp-block-image size-large is-resized\"><img loading=\"lazy\" decoding=\"async\" width=\"1024\" height=\"683\" src=\"https:\/\/demoforetaget.se\/wp-content\/uploads\/2025\/02\/pexels-pixabay-265072-1024x683.jpg\" alt=\"\" class=\"wp-image-221\" style=\"aspect-ratio:1.3333333333333333;object-fit:cover;width:1196px;height:auto\" srcset=\"https:\/\/demoforetaget.se\/wp-content\/uploads\/2025\/02\/pexels-pixabay-265072-1024x683.jpg 1024w, https:\/\/demoforetaget.se\/wp-content\/uploads\/2025\/02\/pexels-pixabay-265072-300x200.jpg 300w, https:\/\/demoforetaget.se\/wp-content\/uploads\/2025\/02\/pexels-pixabay-265072-768x512.jpg 768w, https:\/\/demoforetaget.se\/wp-content\/uploads\/2025\/02\/pexels-pixabay-265072-1536x1024.jpg 1536w, https:\/\/demoforetaget.se\/wp-content\/uploads\/2025\/02\/pexels-pixabay-265072-2048x1365.jpg 2048w\" sizes=\"auto, (max-width: 1024px) 100vw, 1024px\" \/><\/figure>\n\n<\/div>\n\n\n<div class=\"wp-block-cb-slide\">\n\n<div class=\"wp-block-group is-vertical is-content-justification-center is-nowrap is-layout-flex wp-container-core-group-is-layout-d7b04dc7 wp-block-group-is-layout-flex\">\n\n<h1 class=\"wp-block-heading has-text-align-center\" style=\"padding-top:var(--wp--preset--spacing--80);padding-bottom:var(--wp--preset--spacing--80)\"><strong>Ta ditt f\u00f6retag till n\u00e4sta steg, testa v\u00e5rt bokningssystem f\u00f6r att g\u00f6ra vardagen l\u00e4ttare<\/strong><\/h1>\n\n<\/div>\n\n<\/div>\n\n\n<div class=\"wp-block-cb-slide\">\n\n<figure class=\"wp-block-image size-large has-custom-border\"><img loading=\"lazy\" decoding=\"async\" width=\"1024\" height=\"684\" src=\"https:\/\/demoforetaget.se\/wp-content\/uploads\/2025\/02\/pexels-divinetechygirl-1181248-1024x684.jpg\" alt=\"\" class=\"wp-image-23\" style=\"border-radius:10px;aspect-ratio:4\/3;object-fit:cover\" srcset=\"https:\/\/demoforetaget.se\/wp-content\/uploads\/2025\/02\/pexels-divinetechygirl-1181248-1024x684.jpg 1024w, https:\/\/demoforetaget.se\/wp-content\/uploads\/2025\/02\/pexels-divinetechygirl-1181248-300x200.jpg 300w, https:\/\/demoforetaget.se\/wp-content\/uploads\/2025\/02\/pexels-divinetechygirl-1181248-768x513.jpg 768w, https:\/\/demoforetaget.se\/wp-content\/uploads\/2025\/02\/pexels-divinetechygirl-1181248-1536x1025.jpg 1536w, https:\/\/demoforetaget.se\/wp-content\/uploads\/2025\/02\/pexels-divinetechygirl-1181248-2048x1367.jpg 2048w\" sizes=\"auto, (max-width: 1024px) 100vw, 1024px\" \/><\/figure>\n\n<\/div>\n\n<\/div>\n<\/div>\n<\/div>\n\n\n\n<div style=\"height:76px\" aria-hidden=\"true\" class=\"wp-block-spacer\"><\/div>\n\n\n\n<div class=\"wp-block-group alignwide has-background is-content-justification-left is-layout-constrained wp-container-core-group-is-layout-35fbbff2 wp-block-group-is-layout-constrained\" style=\"background-color:#d9793d;margin-top:0;margin-bottom:0;padding-top:var(--wp--preset--spacing--80);padding-right:var(--wp--preset--spacing--50);padding-bottom:var(--wp--preset--spacing--80);padding-left:var(--wp--preset--spacing--50)\">\n<h2 class=\"wp-block-heading has-text-align-left\">Varf\u00f6r v\u00e4lja v\u00e5rt system?<\/h2>\n\n\n\n<p class=\"has-text-align-left has-medium-font-size\">V\u00e5rt m\u00e5l<em>&nbsp;\u00e4r att f\u00f6renkla er vardag och bidra till er framg\u00e5ng. Vi erbjuder smidiga och professionella l\u00f6sningar inom bokf\u00f6ring, kanslitj\u00e4nster och webbutveckling. Med v\u00e5r expertis hj\u00e4lper vi er att effektivisera er verksamhet genom integrerade system, strukturerad hantering av aktiviteter och t\u00e4vlingsresultat samt moderna och funktionella webbplatser.<\/em><\/p>\n<\/div>\n\n\n\n<div class=\"wp-block-columns has-background is-layout-flex wp-container-core-columns-is-layout-d57b5359 wp-block-columns-is-layout-flex\" style=\"background-color:#fcf9f5;padding-right:var(--wp--preset--spacing--50);padding-left:var(--wp--preset--spacing--50)\">\n<div class=\"wp-block-column is-vertically-aligned-center is-layout-flow wp-block-column-is-layout-flow\" style=\"padding-right:0rem;padding-left:0rem\">\n<div class=\"wp-block-group is-layout-constrained wp-container-core-group-is-layout-9794739a wp-block-group-is-layout-constrained\" style=\"margin-top:1rem;margin-bottom:3rem;padding-right:1rem;padding-left:1rem\">\n<h2 class=\"wp-block-heading has-text-align-center has-text-color has-link-color wp-elements-b5fa4a309bd6a4151754e74337da7911\" style=\"color:#3e3e3e;font-size:2.4rem\">Lorem ipsum dolor sit amet, consectetur adipiscing elit,<\/h2>\n\n\n\n<div class=\"wp-block-buttons is-content-justification-center is-layout-flex wp-container-core-buttons-is-layout-a89b3969 wp-block-buttons-is-layout-flex\">\n<div class=\"wp-block-button\"><a class=\"wp-block-button__link wp-element-button\">L\u00c4S MER<\/a><\/div>\n<\/div>\n<\/div>\n<\/div>\n\n\n\n<div class=\"wp-block-column is-layout-flow wp-block-column-is-layout-flow\" style=\"padding-right:0px;padding-left:0px;flex-basis:60%\">\n<figure class=\"wp-block-image aligncenter size-large\"><img loading=\"lazy\" decoding=\"async\" width=\"1024\" height=\"684\" src=\"https:\/\/demoforetaget.se\/wp-content\/uploads\/2025\/02\/pexels-divinetechygirl-1181248-1024x684.jpg\" alt=\"\" class=\"wp-image-23\" style=\"aspect-ratio:16\/9;object-fit:cover\" srcset=\"https:\/\/demoforetaget.se\/wp-content\/uploads\/2025\/02\/pexels-divinetechygirl-1181248-1024x684.jpg 1024w, https:\/\/demoforetaget.se\/wp-content\/uploads\/2025\/02\/pexels-divinetechygirl-1181248-300x200.jpg 300w, https:\/\/demoforetaget.se\/wp-content\/uploads\/2025\/02\/pexels-divinetechygirl-1181248-768x513.jpg 768w, https:\/\/demoforetaget.se\/wp-content\/uploads\/2025\/02\/pexels-divinetechygirl-1181248-1536x1025.jpg 1536w, https:\/\/demoforetaget.se\/wp-content\/uploads\/2025\/02\/pexels-divinetechygirl-1181248-2048x1367.jpg 2048w\" sizes=\"auto, (max-width: 1024px) 100vw, 1024px\" \/><\/figure>\n<\/div>\n<\/div>\n\n\n\n<div class=\"wp-block-columns has-background is-layout-flex wp-container-core-columns-is-layout-efe71edc wp-block-columns-is-layout-flex\" style=\"background-color:#fcf9f5;margin-top:0;margin-bottom:0;padding-right:var(--wp--preset--spacing--50);padding-left:var(--wp--preset--spacing--50)\">\n<div class=\"wp-block-column is-layout-flow wp-block-column-is-layout-flow\" style=\"padding-right:0px;padding-left:0px\">\n<figure class=\"wp-block-image aligncenter size-large\"><img loading=\"lazy\" decoding=\"async\" width=\"1024\" height=\"683\" src=\"https:\/\/demoforetaget.se\/wp-content\/uploads\/2025\/02\/pexels-pixabay-265072-1024x683.jpg\" alt=\"\" class=\"wp-image-221\" srcset=\"https:\/\/demoforetaget.se\/wp-content\/uploads\/2025\/02\/pexels-pixabay-265072-1024x683.jpg 1024w, https:\/\/demoforetaget.se\/wp-content\/uploads\/2025\/02\/pexels-pixabay-265072-300x200.jpg 300w, https:\/\/demoforetaget.se\/wp-content\/uploads\/2025\/02\/pexels-pixabay-265072-768x512.jpg 768w, https:\/\/demoforetaget.se\/wp-content\/uploads\/2025\/02\/pexels-pixabay-265072-1536x1024.jpg 1536w, https:\/\/demoforetaget.se\/wp-content\/uploads\/2025\/02\/pexels-pixabay-265072-2048x1365.jpg 2048w\" sizes=\"auto, (max-width: 1024px) 100vw, 1024px\" \/><\/figure>\n<\/div>\n\n\n\n<div class=\"wp-block-column is-vertically-aligned-center is-layout-flow wp-block-column-is-layout-flow\" style=\"padding-right:0rem;padding-left:0rem\">\n<div class=\"wp-block-group is-content-justification-center is-layout-constrained wp-container-core-group-is-layout-fbea7796 wp-block-group-is-layout-constrained\" style=\"margin-top:1rem;margin-bottom:3rem;padding-right:0;padding-left:0\">\n<h2 class=\"wp-block-heading has-text-align-center has-text-color has-link-color wp-elements-b5fa4a309bd6a4151754e74337da7911\" style=\"color:#3e3e3e;font-size:2.4rem\">Lorem ipsum dolor sit amet, consectetur adipiscing elit,<\/h2>\n<\/div>\n<\/div>\n<\/div>\n\n\n\n<p><\/p>\n","protected":false},"excerpt":{"rendered":"<p>01 Minaaktiviteter.sedans.se &amp; idrott.se 02 Bokningssystem &amp;support 03 WordPress &amp;M\u00f6jlighet till andra tekniker Varf\u00f6r v\u00e4lja v\u00e5rt system? V\u00e5rt m\u00e5l&nbsp;\u00e4r att [&hellip;]<\/p>\n","protected":false},"author":1,"featured_media":0,"parent":0,"menu_order":0,"comment_status":"closed","ping_status":"closed","template":"","meta":{"site-sidebar-layout":"default","site-content-layout":"","ast-site-content-layout":"normal-width-container","site-content-style":"default","site-sidebar-style":"default","ast-global-header-display":"","ast-banner-title-visibility":"","ast-main-header-display":"","ast-hfb-above-header-display":"","ast-hfb-below-header-display":"","ast-hfb-mobile-header-display":"","site-post-title":"disabled","ast-breadcrumbs-content":"","ast-featured-img":"","footer-sml-layout":"","theme-transparent-header-meta":"","adv-header-id-meta":"","stick-header-meta":"","header-above-stick-meta":"","header-main-stick-meta":"","header-below-stick-meta":"","astra-migrate-meta-layouts":"default","ast-page-background-enabled":"default","ast-page-background-meta":{"desktop":{"background-color":"var(--ast-global-color-5)","background-image":"","background-repeat":"repeat","background-position":"center center","background-size":"auto","background-attachment":"scroll","background-type":"","background-media":"","overlay-type":"","overlay-color":"","overlay-opacity":"","overlay-gradient":""},"tablet":{"background-color":"","background-image":"","background-repeat":"repeat","background-position":"center center","background-size":"auto","background-attachment":"scroll","background-type":"","background-media":"","overlay-type":"","overlay-color":"","overlay-opacity":"","overlay-gradient":""},"mobile":{"background-color":"","background-image":"","background-repeat":"repeat","background-position":"center center","background-size":"auto","background-attachment":"scroll","background-type":"","background-media":"","overlay-type":"","overlay-color":"","overlay-opacity":"","overlay-gradient":""}},"ast-content-background-meta":{"desktop":{"background-color":"var(--ast-global-color-4)","background-image":"","background-repeat":"repeat","background-position":"center center","background-size":"auto","background-attachment":"scroll","background-type":"","background-media":"","overlay-type":"","overlay-color":"","overlay-opacity":"","overlay-gradient":""},"tablet":{"background-color":"var(--ast-global-color-4)","background-image":"","background-repeat":"repeat","background-position":"center center","background-size":"auto","background-attachment":"scroll","background-type":"","background-media":"","overlay-type":"","overlay-color":"","overlay-opacity":"","overlay-gradient":""},"mobile":{"background-color":"var(--ast-global-color-4)","background-image":"","background-repeat":"repeat","background-position":"center center","background-size":"auto","background-attachment":"scroll","background-type":"","background-media":"","overlay-type":"","overlay-color":"","overlay-opacity":"","overlay-gradient":""}},"footnotes":""},"class_list":["post-8","page","type-page","status-publish","hentry"],"_links":{"self":[{"href":"https:\/\/demoforetaget.se\/index.php\/wp-json\/wp\/v2\/pages\/8","targetHints":{"allow":["GET"]}}],"collection":[{"href":"https:\/\/demoforetaget.se\/index.php\/wp-json\/wp\/v2\/pages"}],"about":[{"href":"https:\/\/demoforetaget.se\/index.php\/wp-json\/wp\/v2\/types\/page"}],"author":[{"embeddable":true,"href":"https:\/\/demoforetaget.se\/index.php\/wp-json\/wp\/v2\/users\/1"}],"replies":[{"embeddable":true,"href":"https:\/\/demoforetaget.se\/index.php\/wp-json\/wp\/v2\/comments?post=8"}],"version-history":[{"count":44,"href":"https:\/\/demoforetaget.se\/index.php\/wp-json\/wp\/v2\/pages\/8\/revisions"}],"predecessor-version":[{"id":464,"href":"https:\/\/demoforetaget.se\/index.php\/wp-json\/wp\/v2\/pages\/8\/revisions\/464"}],"wp:attachment":[{"href":"https:\/\/demoforetaget.se\/index.php\/wp-json\/wp\/v2\/media?parent=8"}],"curies":[{"name":"wp","href":"https:\/\/api.w.org\/{rel}","templated":true}]}}